ainder when 7162016 is divided by 1531?
1529
Calculate the remainder when 26186 is divided by 226.
196
What is the remainder when 11986 is divided by 426?
58
Calculate the remainder when 125107 is divided by 62521.
65
Calculate the remainder when 112958 is divided by 402.
398
What is the remainder when 15849 is divided by 1055?
24
Calculate the remainder when 20715 is divided by 8.
3
What is the remainder when 32910 is divided by 23?
20
What is the remainder when 10013 is divided by 468?
185
Calculate the remainder when 3263 is divided by 560.
463
Calculate the remainder when 292185 is divided by 974.
959
Calculate the remainder when 42332 is divided by 79.
67
Calculate the remainder when 60348 is divided by 29.
28
Calculate the remainder when 24441 is divided by 8079.
204
What is the remainder when 465489 is divided by 155146?
51
Calculate the remainder when 20625 is divided by 2291.
6
What is the remainder when 211243 is divided by 1288?
11
What is the remainder when 1703119 is divided by 136?
127
What is the remainder when 503 is divided by 207?
89
What is the remainder when 243385 is divided by 243354?
31
Calculate the remainder when 12507 is divided by 298.
289
What is the remainder when 48686 is divided by 16?
14
What is the remainder when 28025 is divided by 27?
26
What is the remainder when 2645 is divided by 122?
83
What is the remainder when 48022 is divided by 72?
70
Calculate the remainder when 1100 is divided by 16.
12
What is the remainder when 66551 is divided by 188?
187
Calculate the remainder when 5273 is divided by 641.
145
What is the remainder when 3639 is divided by 104?
103
What is the remainder when 169292 is divided by 169289?
3
What is the remainder when 17523 is divided by 4379?
7
Calculate the remainder when 1660 is divided by 828.
4
What is the remainder when 125725 is divided by 320?
285
What is the remainder when 181424 is divided by 90702?
20
What is the remainder when 34308 is divided by 39?
27
Calculate the remainder when 359611 is divided by 28.
7
What is the remainder when 7724 is divided by 9?
2
What is the remainder when 301049 is divided by 223?
222
Calculate the remainder when 172906 is divided by 121.
118
What is the remainder when 75821 is divided by 125?
71
What is the remainder when 135546 is divided by 4?
2
Calculate the remainder when 43941 is divided by 14.
9
What is the remainder when 24891 is divided by 9?
6
Calculate the remainder when 2348067 is divided by 23.
20
Calculate the remainder when 178870 is divided by 101.
100
What is the remainder when 72768 is divided by 573?
570
Calculate the remainder when 5428 is divided by 321.
292
Calculate the remainder when 131300 is divided by 18.
8
What is the remainder when 1834 is divided by 1224?
610
What is the remainder when 5869 is divided by 116?
69
What is the remainder when 1279 is divided by 18?
1
Calculate the remainder when 30150 is divided by 1891.
1785
Calculate the remainder when 9226 is divided by 1025.
1
What is the remainder when 8199 is divided by 1643?
1627
What is the remainder when 1930057 is divided by 833?
829
Calculate the remainder when 1183079 is divided by 31.
26
What is the remainder when 3517 is divided by 3384?
133
What is the remainder when 252614 is divided by 15?
14
What is the remainder when 175168 is divided by 65?
58
What is the remainder when 191686 is divided by 14?
12
Calculate the remainder when 4169 is divided by 990.
209
What is the remainder when 3082 is divided by 2198?
884
Calculate the remainder when 3650 is divided by 3616.
34
Calculate the remainder when 178861 is divided by 59617.
10
Calculate the remainder when 137 is divided by 75.
62
Calculate the remainder when 18476 is divided by 528.
524
What is the remainder when 3271 is divided by 1089?
4
Calculate the remainder when 7688 is divided by 154.
142
What is the remainder when 170587 is divided by 23?
19
Calculate the remainder when 83259 is divided by 23.
22
What is the remainder when 4957 is divided by 74?
73
Calculate the remainder when 3540 is divided by 1738.
64
Calculate the remainder when 161204 is divided by 23023.
43
What is the remainder when 47 is divided by 17?
13
What is the remainder when 260620 is divided by 2286?
16
Calculate the remainder when 993775 is divided by 16.
15
Calculate the remainder when 3801 is divided by 102.
27
Calculate the remainder when 132754 is divided by 14750.
4
Calculate the remainder when 50147 is divided by 2089.
11
What is the remainder when 14366 is divided by 171?
2
Calculate the remainder when 59143 is divided by 19699.
46
What is the remainder when 209324 is divided by 168?
164
Calculate the remainder when 22499 is divided by 78.
35
What is the remainder when 2603 is divided by 2014?
589
Calculate the remainder when 3467 is divided by 27.
11
What is the remainder when 21651 is divided by 7176?
123
What is the remainder when 838100 is divided by 28900?
0
Calculate the remainder when 11463 is divided by 1140.
63
What is the remainder when 522743 is divided by 850?
843
Calculate the remainder when 10294 is divided by 56.
46
What is the remainder when 97560 is divided by 263?
250
Calculate the remainder when 1776 is divided by 1350.
426
Calculate the remainder when 49455 is divided by 108.
99
What is the remainder when 15362 is divided by 47?
40
Calculate the remainder when 11276 is divided by 3715.
131
Calculate the remainder when 12850 is divided by 27.
25
What is the remainder when 37022 is divided by 36693?
329
What is the remainder when 7803 is divided by 1114?
5
Calculate the remainder when 987 is divided by 664.
323
What is the remainder when 3020 is divided by 605?
600
What is the remainder when 19643 is divided by 38?
35
What is the remainder when 7711 is divided by 310?
271
What is the remainder when 4448 is divided by 32?
0
What is the remainder when 6345 is divided by 148?
129
What is the remainder when 1031 is divided by 48?
23
Calculate the remainder when 214822 is divided by 21.
13
Calculate the remainder when 310776 is divided by 379.
375
What is the remainder when 2813326 is divided by 56?
54
Calculate the remainder when 276 is divided by 116.
44
Calculate the remainder when 21383 is divided by 4.
3
Calculate the remainder when 1014 is divided by 115.
94
Calculate the remainder when 2829 is divided by 896.
141
What is the remainder when 48123 is divided by 9?
0
Calculate the remainder when 43028 is divided by 14275.
203
What is the remainder when 2715 is divided by 264?
75
Calculate the remainder when 17972 is divided by 17936.
36
Calculate the remainder when 122259 is divided by 42.
39
Calculate the remainder when 10876 is divided by 839.
808
Calculate the remainder when 1385 is divided by 689.
7
Calculate the remainder when 2278 is divided by 49.
24
Calculate the remainder when 24052 is divided by 42.
28
Calculate the remainder when 7199 is divided by 3322.
555
What is the remainder when 600 is divided by 213?
174
Calculate the remainder when 38452 is divided by 442.
440
Calculate the remainder when 2447 is divided by 193.
131
Calculate the remainder when 3362 is divided by 44.
18
Calculate the remainder when 18164 is divided by 84.
20
Calculate the remainder when 251155 is divided by 178.
175
Calculate the remainder when 74692 is divided by 8284.
136
What is the remainder when 92008 is divided by 81?
73
What is the remainder when 170 is divided by 32?
10
What is the remainder when 10506 is divided by 51?
0
What is the remainder when 3569 is divided by 1049?
422
Calculate the remainder when 11439 is divided by 112.
15
Calculate the remainder when 1683 is divided by 111.
18
Calculate the remainder when 741956 is divided by 123656.
20
Calculate the remainder when 645116 is divided by 44.
32
What is the remainder when 3772 is divided by 3769?
3
Calculate the remainder when 37498 is divided by 197.
68
Calculate the remainder when 29318 is divided by 3257.
5
What is the remainder when 18757 is divided by 164?
61
What is the remainder when 49635 is divided by 437?
254
Calculate the remainder when 25875 is divided by 97.
73
What is the remainder when 7647 is divided by 34?
31
What is the remainder when 456 is divided by 88?
16
What is the remainder when 49368 is divided by 499?
466
What is the r